{"id":31,"date":"2018-07-18T19:40:09","date_gmt":"2018-07-18T17:40:09","guid":{"rendered":"http:\/\/lire-lier.fr\/?page_id=31"},"modified":"2026-04-09T11:34:34","modified_gmt":"2026-04-09T09:34:34","slug":"lirelier","status":"publish","type":"page","link":"https:\/\/lire-lier.fr\/","title":{"rendered":"Conseil et ing\u00e9nierie culturelle &#8211; Actualit\u00e9"},"content":{"rendered":"\r\n<p style=\"text-align: center;\"><strong>Actualit\u00e9 po\u00e9tique !\u00a0<\/strong><br \/><br \/><a href=\"https:\/\/youtube.com\/shorts\/Wv4_9InYnfQ?si=AkRxVqBOo05RjZ1N\"><img loading=\"lazy\" class=\"wp-image-1510 aligncenter\" src=\"http:\/\/lire-lier.fr\/wp-content\/uploads\/2026\/04\/Capture-decran-2026-04-09-a-11.19.48-587x1024.png\" alt=\"https:\/\/youtube.com\/shorts\/Wv4_9InYnfQ?si=AkRxVqBOo05RjZ1N\" width=\"245\" height=\"427\" srcset=\"https:\/\/lire-lier.fr\/wp-content\/uploads\/2026\/04\/Capture-decran-2026-04-09-a-11.19.48-587x1024.png 587w, https:\/\/lire-lier.fr\/wp-content\/uploads\/2026\/04\/Capture-decran-2026-04-09-a-11.19.48-172x300.png 172w, https:\/\/lire-lier.fr\/wp-content\/uploads\/2026\/04\/Capture-decran-2026-04-09-a-11.19.48.png 762w\" sizes=\"(max-width: 245px) 100vw, 245px\" \/><\/a><\/p>\r\n<p><a href=\"https:\/\/www.ledevoir.com\/lire\/951477\/notre-selection-jeunesse-mois-janvier?\">https:\/\/www.ledevoir.com\/lire\/951477\/notre-selection-jeunesse-mois-janvier?<\/a><br \/><br \/><a href=\"https:\/\/actualitte.com\/article\/126235\/rencontres-dedicaces\/mysteres-et-poemes-une-chasse-au-tresor-pour-la-jeunesse\">https:\/\/actualitte.com\/article\/126235\/rencontres-dedicaces\/mysteres-et-poemes-une-chasse-au-tresor-pour-la-jeunesse<\/a><\/p>\r\n<p style=\"text-align: center;\"><strong><img loading=\"lazy\" class=\"alignnone size-large wp-image-1505\" src=\"http:\/\/lire-lier.fr\/wp-content\/uploads\/2026\/01\/CartedevoeuxEL-2026-1024x398.png\" alt=\"\" width=\"660\" height=\"257\" srcset=\"https:\/\/lire-lier.fr\/wp-content\/uploads\/2026\/01\/CartedevoeuxEL-2026-1024x398.png 1024w, https:\/\/lire-lier.fr\/wp-content\/uploads\/2026\/01\/CartedevoeuxEL-2026-300x116.png 300w, https:\/\/lire-lier.fr\/wp-content\/uploads\/2026\/01\/CartedevoeuxEL-2026-768x298.png 768w, https:\/\/lire-lier.fr\/wp-content\/uploads\/2026\/01\/CartedevoeuxEL-2026-1536x596.png 1536w, https:\/\/lire-lier.fr\/wp-content\/uploads\/2026\/01\/CartedevoeuxEL-2026-1320x513.png 1320w, https:\/\/lire-lier.fr\/wp-content\/uploads\/2026\/01\/CartedevoeuxEL-2026.png 2014w\" sizes=\"(max-width: 660px) 100vw, 660px\" \/><\/strong><\/p>\r\n<p style=\"text-align: center;\"><strong><br \/>Apr\u00e8s <em>Une ann\u00e9e en po\u00e9sie<\/em> parue en 2020 chez Gallimard jeunesse, \u00a0il fallait bien une nouvelle anthologie de po\u00e9sie pour c\u00e9l\u00e9brer les animaux chaque jour ! <br \/><\/strong><em>Une ann\u00e9e en po\u00e9sie avec les animaux<\/em>, Gallimard Jeunesse en librairie depuis le 9 octobre 2025<\/p>\r\n<p><img loading=\"lazy\" class=\"wp-image-1455 alignleft\" src=\"http:\/\/lire-lier.fr\/wp-content\/uploads\/2025\/10\/Une-annee-en-poesie-avec-les-animaux_Couv-911x1024.jpg\" alt=\"\" width=\"305\" height=\"343\" srcset=\"https:\/\/lire-lier.fr\/wp-content\/uploads\/2025\/10\/Une-annee-en-poesie-avec-les-animaux_Couv-911x1024.jpg 911w, https:\/\/lire-lier.fr\/wp-content\/uploads\/2025\/10\/Une-annee-en-poesie-avec-les-animaux_Couv-267x300.jpg 267w, https:\/\/lire-lier.fr\/wp-content\/uploads\/2025\/10\/Une-annee-en-poesie-avec-les-animaux_Couv-768x863.jpg 768w, https:\/\/lire-lier.fr\/wp-content\/uploads\/2025\/10\/Une-annee-en-poesie-avec-les-animaux_Couv.jpg 1299w\" sizes=\"(max-width: 305px) 100vw, 305px\" \/><br \/><a href=\"https:\/\/lire-lier.fr\/wp-content\/uploads\/2025\/10\/atelierPoesie-EL.pdf\"><img loading=\"lazy\" class=\"wp-image-1462 alignleft\" src=\"http:\/\/lire-lier.fr\/wp-content\/uploads\/2025\/10\/Capture-decran-2025-10-22-a-15.50.34-952x1024.png\" alt=\"\" width=\"234\" height=\"252\" srcset=\"https:\/\/lire-lier.fr\/wp-content\/uploads\/2025\/10\/Capture-decran-2025-10-22-a-15.50.34-952x1024.png 952w, https:\/\/lire-lier.fr\/wp-content\/uploads\/2025\/10\/Capture-decran-2025-10-22-a-15.50.34-279x300.png 279w, https:\/\/lire-lier.fr\/wp-content\/uploads\/2025\/10\/Capture-decran-2025-10-22-a-15.50.34-768x826.png 768w, https:\/\/lire-lier.fr\/wp-content\/uploads\/2025\/10\/Capture-decran-2025-10-22-a-15.50.34.png 1262w\" sizes=\"(max-width: 234px) 100vw, 234px\" \/><\/a><\/p>\r\n<p>&nbsp;<\/p>\r\n<p>&nbsp;<\/p>\r\n<p>&nbsp;<\/p>\r\n<p>&nbsp;<\/p>\r\n<p>&nbsp;<\/p>\r\n<p>&nbsp;<\/p>\r\n<p>&nbsp;<\/p>\r\n<p style=\"text-align: left;\"><span style=\"color: #339966;\">Biblioth\u00e9caires, professeurs, organisateurs de salons et d&#8217;\u00e9v\u00e9nements de po\u00e9sie, je vous propose <a href=\"https:\/\/lire-lier.fr\/wp-content\/uploads\/2025\/10\/atelierPoesie-EL.pdf\">un atelier po\u00e9sie<\/a>\u00a0\u00e0 partir des deux anthologies pour partager le plaisir de la d\u00e9couverte de la po\u00e9sie aupr\u00e8s des enfants.\u00a0<\/span><!--more--><\/p>\r\n<hr \/>\r\n<p>&nbsp;<\/p>\r\n<p><br \/><img loading=\"lazy\" class=\"wp-image-1303  alignleft\" src=\"http:\/\/lire-lier.fr\/wp-content\/uploads\/2023\/07\/Lire-et-Lier-detail.jpg\" alt=\"\" width=\"323\" height=\"283\" srcset=\"https:\/\/lire-lier.fr\/wp-content\/uploads\/2023\/07\/Lire-et-Lier-detail.jpg 831w, https:\/\/lire-lier.fr\/wp-content\/uploads\/2023\/07\/Lire-et-Lier-detail-300x262.jpg 300w, https:\/\/lire-lier.fr\/wp-content\/uploads\/2023\/07\/Lire-et-Lier-detail-768x672.jpg 768w\" sizes=\"(max-width: 323px) 100vw, 323px\" \/><\/p>\r\n<pre><span style=\"color: #800080;\">T\u00e9l\u00e9chargez la pr\u00e9sentation\u00a0 <a style=\"color: #800080;\" href=\"http:\/\/lire-lier.fr\/wp-content\/uploads\/2018\/09\/EL-LIRE-LIER-1-2.pdf\">Lire&amp;lier<\/a><\/span><\/pre>\r\n<pre><span style=\"color: #800080;\">T\u00e9l\u00e9chargez la plaquette <a style=\"color: #800080;\" href=\"http:\/\/lire-lier.fr\/wp-content\/uploads\/2024\/02\/Conseils-et-modules-de-formation.pdf\">Modules de formation en ing\u00e9nierie culturelle<\/a><\/span><\/pre>\r\n","protected":false},"excerpt":{"rendered":"","protected":false},"author":1,"featured_media":0,"parent":0,"menu_order":0,"comment_status":"closed","ping_status":"closed","template":"","meta":[],"_links":{"self":[{"href":"https:\/\/lire-lier.fr\/index.php?rest_route=\/wp\/v2\/pages\/31"}],"collection":[{"href":"https:\/\/lire-lier.fr\/index.php?rest_route=\/wp\/v2\/pages"}],"about":[{"href":"https:\/\/lire-lier.fr\/index.php?rest_route=\/wp\/v2\/types\/page"}],"author":[{"embeddable":true,"href":"https:\/\/lire-lier.fr\/index.php?rest_route=\/wp\/v2\/users\/1"}],"replies":[{"embeddable":true,"href":"https:\/\/lire-lier.fr\/index.php?rest_route=%2Fwp%2Fv2%2Fcomments&post=31"}],"version-history":[{"count":129,"href":"https:\/\/lire-lier.fr\/index.php?rest_route=\/wp\/v2\/pages\/31\/revisions"}],"predecessor-version":[{"id":1513,"href":"https:\/\/lire-lier.fr\/index.php?rest_route=\/wp\/v2\/pages\/31\/revisions\/1513"}],"wp:attachment":[{"href":"https:\/\/lire-lier.fr\/index.php?rest_route=%2Fwp%2Fv2%2Fmedia&parent=31"}],"curies":[{"name":"wp","href":"https:\/\/api.w.org\/{rel}","templated":true}]}}