{"id":112,"date":"2018-07-20T12:39:55","date_gmt":"2018-07-20T10:39:55","guid":{"rendered":"http:\/\/lire-lier.fr\/?page_id=112"},"modified":"2025-10-22T18:18:53","modified_gmt":"2025-10-22T16:18:53","slug":"projets-artistiques-edition-evenements","status":"publish","type":"page","link":"https:\/\/lire-lier.fr\/?page_id=112","title":{"rendered":"Projets artistiques\/Edition\/Evenement"},"content":{"rendered":"<div id='gallery-1' class='gallery galleryid-112 gallery-columns-5 gallery-size-thumbnail'><figure class='gallery-item'>\n\t\t\t<div class='gallery-icon portrait'>\n\t\t\t\t<a href='https:\/\/lire-lier.fr\/?attachment_id=1459'><img width=\"150\" height=\"150\" src=\"https:\/\/lire-lier.fr\/wp-content\/uploads\/2025\/10\/Capture-decran-2025-10-17-a-17.56.55-150x150.png\" class=\"attachment-thumbnail size-thumbnail\" alt=\"\" loading=\"lazy\" aria-describedby=\"gallery-1-1459\" \/><\/a>\n\t\t\t<\/div>\n\t\t\t\t<figcaption class='wp-caption-text gallery-caption' id='gallery-1-1459'>\n\t\t\t\tChasse aux tr\u00e9sors \n\t\t\t\t<\/figcaption><\/figure><figure class='gallery-item'>\n\t\t\t<div class='gallery-icon portrait'>\n\t\t\t\t<a href='https:\/\/lire-lier.fr\/?attachment_id=946'><img width=\"150\" height=\"150\" src=\"https:\/\/lire-lier.fr\/wp-content\/uploads\/2020\/10\/IMG_2186-150x150.jpg\" class=\"attachment-thumbnail size-thumbnail\" alt=\"Une Ann\u00e9e en po\u00e9sie\" loading=\"lazy\" aria-describedby=\"gallery-1-946\" \/><\/a>\n\t\t\t<\/div>\n\t\t\t\t<figcaption class='wp-caption-text gallery-caption' id='gallery-1-946'>\n\t\t\t\tAnthologie-Gallimard Jeunesse\n\t\t\t\t<\/figcaption><\/figure><figure class='gallery-item'>\n\t\t\t<div class='gallery-icon landscape'>\n\t\t\t\t<a href='https:\/\/lire-lier.fr\/?attachment_id=1428'><img width=\"150\" height=\"150\" src=\"https:\/\/lire-lier.fr\/wp-content\/uploads\/2025\/01\/Interieur-scaled-1-150x150.jpg\" class=\"attachment-thumbnail size-thumbnail\" alt=\"https:\/\/www.facebook.com\/reel\/973094021530860\" loading=\"lazy\" aria-describedby=\"gallery-1-1428\" \/><\/a>\n\t\t\t<\/div>\n\t\t\t\t<figcaption class='wp-caption-text gallery-caption' id='gallery-1-1428'>\n\t\t\t\tAnthologie de po\u00e9sie indienne\n\t\t\t\t<\/figcaption><\/figure><figure class='gallery-item'>\n\t\t\t<div class='gallery-icon portrait'>\n\t\t\t\t<a href='https:\/\/lire-lier.fr\/?attachment_id=1012'><img width=\"150\" height=\"150\" src=\"https:\/\/lire-lier.fr\/wp-content\/uploads\/2020\/12\/Uneviedartiste-150x150.jpg\" class=\"attachment-thumbnail size-thumbnail\" alt=\"\" loading=\"lazy\" aria-describedby=\"gallery-1-1012\" \/><\/a>\n\t\t\t<\/div>\n\t\t\t\t<figcaption class='wp-caption-text gallery-caption' id='gallery-1-1012'>\n\t\t\t\tUne vie d&#8217;artiste -Th\u00e9l\u00e8me\n\t\t\t\t<\/figcaption><\/figure><figure class='gallery-item'>\n\t\t\t<div class='gallery-icon landscape'>\n\t\t\t\t<a href='https:\/\/lire-lier.fr\/?attachment_id=164'><img width=\"150\" height=\"150\" src=\"https:\/\/lire-lier.fr\/wp-content\/uploads\/2018\/07\/IMG_4960-150x150.jpg\" class=\"attachment-thumbnail size-thumbnail\" alt=\"\" loading=\"lazy\" aria-describedby=\"gallery-1-164\" \/><\/a>\n\t\t\t<\/div>\n\t\t\t\t<figcaption class='wp-caption-text gallery-caption' id='gallery-1-164'>\n\t\t\t\tAnthologies &#8211; Bayard \n\t\t\t\t<\/figcaption><\/figure><figure class='gallery-item'>\n\t\t\t<div class='gallery-icon portrait'>\n\t\t\t\t<a href='https:\/\/lire-lier.fr\/?attachment_id=161'><img width=\"150\" height=\"150\" src=\"https:\/\/lire-lier.fr\/wp-content\/uploads\/2018\/07\/donc-150x150.jpg\" class=\"attachment-thumbnail size-thumbnail\" alt=\"\" loading=\"lazy\" aria-describedby=\"gallery-1-161\" \/><\/a>\n\t\t\t<\/div>\n\t\t\t\t<figcaption class='wp-caption-text gallery-caption' id='gallery-1-161'>\n\t\t\t\tRevue DONC 2016\n\t\t\t\t<\/figcaption><\/figure><figure class='gallery-item'>\n\t\t\t<div class='gallery-icon portrait'>\n\t\t\t\t<a href='https:\/\/lire-lier.fr\/?attachment_id=1250'><img width=\"150\" height=\"150\" src=\"https:\/\/lire-lier.fr\/wp-content\/uploads\/2022\/10\/AfficheunVoyageaBologne-150x150.png\" class=\"attachment-thumbnail size-thumbnail\" alt=\"\" loading=\"lazy\" aria-describedby=\"gallery-1-1250\" \/><\/a>\n\t\t\t<\/div>\n\t\t\t\t<figcaption class='wp-caption-text gallery-caption' id='gallery-1-1250'>\n\t\t\t\tExpo r\u00e9trospective Un voyage \u00e0 Bologne \n\t\t\t\t<\/figcaption><\/figure><figure class='gallery-item'>\n\t\t\t<div class='gallery-icon landscape'>\n\t\t\t\t<a href='https:\/\/lire-lier.fr\/?attachment_id=219'><img width=\"150\" height=\"150\" src=\"https:\/\/lire-lier.fr\/wp-content\/uploads\/2018\/07\/P1060994-1-150x150.jpg\" class=\"attachment-thumbnail size-thumbnail\" alt=\"\" loading=\"lazy\" aria-describedby=\"gallery-1-219\" \/><\/a>\n\t\t\t<\/div>\n\t\t\t\t<figcaption class='wp-caption-text gallery-caption' id='gallery-1-219'>\n\t\t\t\tTextes affich\u00e9s dans le m\u00e9tro\n\t\t\t\t<\/figcaption><\/figure><figure class='gallery-item'>\n\t\t\t<div class='gallery-icon landscape'>\n\t\t\t\t<a href='https:\/\/lire-lier.fr\/?attachment_id=221'><img width=\"150\" height=\"150\" src=\"https:\/\/lire-lier.fr\/wp-content\/uploads\/2018\/07\/IMG_0710-150x150.jpg\" class=\"attachment-thumbnail size-thumbnail\" alt=\"\" loading=\"lazy\" aria-describedby=\"gallery-1-221\" \/><\/a>\n\t\t\t<\/div>\n\t\t\t\t<figcaption class='wp-caption-text gallery-caption' id='gallery-1-221'>\n\t\t\t\tRencontre avec 7 po\u00e8tes africains au Mus\u00e9e du quai Branly\n\t\t\t\t<\/figcaption><\/figure><figure class='gallery-item'>\n\t\t\t<div class='gallery-icon landscape'>\n\t\t\t\t<a href='https:\/\/lire-lier.fr\/?attachment_id=160'><img width=\"150\" height=\"150\" src=\"https:\/\/lire-lier.fr\/wp-content\/uploads\/2018\/07\/IMG_8465-4-150x150.jpg\" class=\"attachment-thumbnail size-thumbnail\" alt=\"\" loading=\"lazy\" aria-describedby=\"gallery-1-160\" \/><\/a>\n\t\t\t<\/div>\n\t\t\t\t<figcaption class='wp-caption-text gallery-caption' id='gallery-1-160'>\n\t\t\t\tMichael Lonsdale &#8211; festival de S\u00e8te 2014\n\t\t\t\t<\/figcaption><\/figure>\n\t\t<\/div>\n\n<h5><span style=\"color: #800000;\">Coordination artistique &#8211; organisation de soir\u00e9es litt\u00e9raires (lecture, spectacle)<\/span><\/h5>\n<p><strong>Cr\u00e9er du lien par la lecture, c&#8217;est cr\u00e9er ces moments de rencontres inoubliables entre les auteurs et les lecteurs, les auditeurs ou les spectateurs.<\/strong><\/p>\n<blockquote><p>Avec Lire&amp;lier, j&#8217;accompagne les porteurs de projets dans leur conception, leur r\u00e9alisation et leur organisation :<br \/>\n&#8211; d\u00e9finition du projet<br \/>\n&#8211; contact avec les auteurs, les artistes<br \/>\n&#8211; recherche et choix de textes<br \/>\n&#8211; mise en oeuvre \u00e9v\u00e9nementielle avec les \u00e9quipes techniques et d&#8217;accueil<\/p><\/blockquote>\n<p>Ex<\/p>\n<ul>\n<li>Organisation d&#8217;une soir\u00e9e de po\u00e9sie indienne dans le cadre du Printemps des Po\u00e8tes 2025 avec le Th\u00e9 des \u00e9crivains au Mus\u00e9e Guimet<\/li>\n<li>Coordination pour une exposition r\u00e9trospective du dispositif Un voyage \u00e0 Bologne initi\u00e9 par la Charte des auteurs et illustrateurs jeunesse en 2022<\/li>\n<li>Aux \u00e9ditions Th\u00e9l\u00e8me et avec l&#8217;association l&#8217;\u00e9cho des livres :<br \/>\norganisation de lectures\/spectacle de <em>A la Recherche du Temps perdu<\/em> de Marcel Proust par Andr\u00e9 Dussollier, Denis Podalyd\u00e8s, Guillaume Gallienne\u2026 dans diff\u00e9rents th\u00e9\u00e2tres parisiens (Espace Pierre Cardin , L&#8217;atelier, Th\u00e9\u00e2tre de la Bruy\u00e8re&#8230;)<\/li>\n<li>Au Printemps des Po\u00e8tes :<br \/>\n&#8211; soir\u00e9e Po\u00e9sie africaine \u00e0 la cit\u00e9 internationale des arts 2017<br \/>\n&#8211; Hommage aux \u00e9ditions Rougerie \u00e0 la Halle Saint-Pierre, 2008<\/li>\n<\/ul>\n<h5><span style=\"color: #800000;\">Recherche de textes &#8211; coordination d&#8217;ouvrages (anthologies, recueil, revues)<\/span><\/h5>\n<p>Ex<\/p>\n<ul>\n<li>Explorer la po\u00e9sie : conception d&#8217;une chasse aux tr\u00e9sors : anthologie et petite histoire de la po\u00e9sie suivi d&#8217;un dossier p\u00e9dagogique pour le Printemps des Po\u00e8tes 2025<\/li>\n<li>Aux \u00e9ditions Gallimard Jeunesse : deux anthologies de po\u00e9sie de 365 po\u00e8mes : Une ann\u00e9e en po\u00e9sie avec les animaux, conception de l&#8217;anthologie, 2025 et Une ann\u00e9e en po\u00e9sie, 2020.<\/li>\n<li>Anthologie de po\u00e9sie indienne aux \u00e9ditions Le Th\u00e9 des \u00e9crivains<\/li>\n<li>Aux \u00e9ditions Th\u00e9l\u00e8me, collection Une Vie d&#8217;artiste, conseil \u00e9ditorial, 2020<\/li>\n<li>Aux \u00e9ditions Bayard : collection Demande aux po\u00e8mes, en co-direction avec C\u00e9lia Galice : 4 anthologies de po\u00e9sie illustr\u00e9es :<br \/>\n&#8211; <em>Est-ce que je peux avoir la t\u00eate dans les nuages et les pieds sur terre ?<\/em>, pr\u00e9face de Michel Butor, 2010<br \/>\n&#8211; <em>Si je donne ma langue au chat, est-ce qu&#8217;il me la rendra ?<\/em>, pr. de Jean-Pierre Verheggen, 2011<br \/>\n&#8211; <em>Pourquoi ma grand-m\u00e8re tricote des histoires\u00a0<\/em>?, pr. de Georges-Emmanuel Clancier, 2012<br \/>\n&#8211; <em>Qu\u2019est-ce qui mijote dans ma marmite \u00e0 mots<\/em>? , pr. de Jacques Roubaud, 2013<\/li>\n<li>Pour le Printemps des Po\u00e8tes :<br \/>\nRecherche de textes pour la RATP : campagne Po\u00e9sie dans le m\u00e9tro<br \/>\nCoordination de livres avec les \u00e9diteurs : <em><br \/>\n&#8211; <\/em><em>Droit de citer,<\/em> \u00e9d. Le Temps des Cerises, 2015<br \/>\n<em>&#8211; C\u2019\u00e9tait hier et c\u2019est demain<\/em>, \u00e9d. Seghers, 2005<\/li>\n<li>Avec les \u00e9ditions Th\u00e9l\u00e8me :<br \/>\nMontage de textes Ren\u00e9 Depestre\/ Ga\u00ebl Faye, \u00e9ditions Th\u00e9l\u00e8me, 2018<br \/>\nMontage de texte : <em>Rimbaud\/Verlaine<\/em> par Michael Lonsdale au Festival Voix vives de la M\u00e9diterrann\u00e9e \u00e0 S\u00e8te<br \/>\nAnthologie sonore de la po\u00e9sie pour le Printemps des Po\u00e8tes Les voix du po\u00e8me en 2013<\/li>\n<li>Cr\u00e9ation de la revue sonore de po\u00e9sie : DONC, en partenariat avec les \u00e9ditions Th\u00e9l\u00e8me<\/li>\n<\/ul>\n<h5><span style=\"color: #800000;\">Organisation de prix litt\u00e9raires &#8211; Participation \u00e0 des \u00e9v\u00e9nements nationaux<\/span><\/h5>\n<p>Ex<\/p>\n<ul>\n<li>Membre du jury La chasse aux tr\u00e9sors, pour le Printemps des Po\u00e8tes 2025<\/li>\n<li>Organisation d&#8217;un concours d&#8217;\u00e9criture en classe avec les \u00e9ditions Auzou et Lire Demain<\/li>\n<li>Suivi op\u00e9rationnel pour la Charte des auteurs et illustrateurs pour deux projets : concours &#8220;\u00e9mergences&#8221; destin\u00e9s aux auteurs et &#8220;le voyage professionnel \u00e0 Bologne&#8221; destin\u00e9s aux illustrateurs, 2018<\/li>\n<li>Pour les \u00e9ditions Auzou : soumission de romans jeunesse pour les prix litt\u00e9raires de r\u00e9f\u00e9rences et prix de lecture, 2018<\/li>\n<li>Dans le cadre du Printemps des Po\u00e8tes :<\/li>\n<li>Membre de prix\u00a0: Jur\u00e9 du <em>Grand Prix de po\u00e9sie RATP<\/em> et du <em>Prix de la Vocation\u00a0<\/em>; organisatrice du <em>Prix de po\u00e9sie des lecteurs Lire et Faire lire<\/em> et du <em>Prix Andr\u00e9e Chedid du po\u00e8me chant\u00e9.<\/em><\/li>\n<\/ul>\n","protected":false},"excerpt":{"rendered":"<p>Coordination artistique &#8211; organisation de soir\u00e9es litt\u00e9raires (lecture, spectacle) Cr\u00e9er du lien par la lecture, c&#8217;est cr\u00e9er ces moments de rencontres inoubliables entre les auteurs et les lecteurs, les auditeurs ou les spectateurs. Avec Lire&amp;lier, j&#8217;accompagne les porteurs de projets dans leur conception, leur r\u00e9alisation et leur organisation : &#8211; d\u00e9finition du projet &#8211; contact &hellip; <a href=\"https:\/\/lire-lier.fr\/?page_id=112\" class=\"more-link\">Continue reading <span class=\"screen-reader-text\">Projets artistiques\/Edition\/Evenement<\/span><\/a><\/p>\n","protected":false},"author":1,"featured_media":0,"parent":0,"menu_order":0,"comment_status":"closed","ping_status":"closed","template":"","meta":[],"_links":{"self":[{"href":"https:\/\/lire-lier.fr\/index.php?rest_route=\/wp\/v2\/pages\/112"}],"collection":[{"href":"https:\/\/lire-lier.fr\/index.php?rest_route=\/wp\/v2\/pages"}],"about":[{"href":"https:\/\/lire-lier.fr\/index.php?rest_route=\/wp\/v2\/types\/page"}],"author":[{"embeddable":true,"href":"https:\/\/lire-lier.fr\/index.php?rest_route=\/wp\/v2\/users\/1"}],"replies":[{"embeddable":true,"href":"https:\/\/lire-lier.fr\/index.php?rest_route=%2Fwp%2Fv2%2Fcomments&post=112"}],"version-history":[{"count":30,"href":"https:\/\/lire-lier.fr\/index.php?rest_route=\/wp\/v2\/pages\/112\/revisions"}],"predecessor-version":[{"id":1495,"href":"https:\/\/lire-lier.fr\/index.php?rest_route=\/wp\/v2\/pages\/112\/revisions\/1495"}],"wp:attachment":[{"href":"https:\/\/lire-lier.fr\/index.php?rest_route=%2Fwp%2Fv2%2Fmedia&parent=112"}],"curies":[{"name":"wp","href":"https:\/\/api.w.org\/{rel}","templated":true}]}}